 by 2680735.
9
What is the remainder when 79931 is divided by 5279?
746
Calculate the remainder when 211896 is divided by 4707.
81
What is the remainder when 1545450 is divided by 772725?
0
Calculate the remainder when 1652204 is divided by 3560.
364
What is the remainder when 3020037 is divided by 53?
44
What is the remainder when 129587739 is divided by 5750?
5739
Calculate the remainder when 403312 is divided by 1904.
1568
Calculate the remainder when 30461 is divided by 150.
11
What is the remainder when 2765239 is divided by 12456?
7
Calculate the remainder when 274917884 is divided by 48.
44
Calculate the remainder when 4768490 is divided by 825.
815
What is the remainder when 78875357 is divided by 160?
157
What is the remainder when 10184678 is divided by 116?
110
What is the remainder when 616662 is divided by 1465?
1362
What is the remainder when 68552 is divided by 592?
472
Calculate the remainder when 3467715 is divided by 99077.
20
What is the remainder when 181784 is divided by 18145?
334
What is the remainder when 1108303 is divided by 1108221?
82
What is the remainder when 3045071 is divided by 825?
821
Calculate the remainder when 122051 is divided by 7178.
25
Calculate the remainder when 36878144 is divided by 9692.
84
Calculate the remainder when 167189133 is divided by 17.
15
Calculate the remainder when 25054715 is divided by 7179.
5
Calculate the remainder when 284668 is divided by 40077.
4129
Calculate the remainder when 44868106 is divided by 1996.
22
Calculate the remainder when 59273 is divided by 1969.
203
Calculate the remainder when 926202 is divided by 2058.
102
What is the remainder when 932523 is divided by 378?
375
What is the remainder when 113208040 is divided by 4043?
4040
What is the remainder when 252544 is divided by 63059?
308
What is the remainder when 11188 is divided by 1291?
860
What is the remainder when 8451247 is divided by 2816984?
295
What is the remainder when 1194599 is divided by 319?
263
What is the remainder when 48557108 is divided by 2644?
48
What is the remainder when 616658 is divided by 6491?
13
Calculate the remainder when 3009399 is divided by 142.
135
What is the remainder when 105202 is divided by 781?
548
Calculate the remainder when 1112730 is divided by 2576.
2474
What is the remainder when 12946 is divided by 4301?
43
Calculate the remainder when 231298 is divided by 2996.
606
Calculate the remainder when 4312116 is divided by 154004.
4
What is the remainder when 9236963 is divided by 348?
347
What is the remainder when 376754490 is divided by 1824?
1818
What is the remainder when 151619 is divided by 36953?
3807
What is the remainder when 2575836 is divided by 1287906?
24
What is the remainder when 49389772 is divided by 2334?
2332
What is the remainder when 583965 is divided by 462?
459
What is the remainder when 3212427 is divided by 1603?
15
Calculate the remainder when 95478 is divided by 23778.
366
What is the remainder when 111953589 is divided by 39?
33
What is the remainder when 289602 is divided by 3254?
3250
Calculate the remainder when 279248 is divided by 470.
68
What is the remainder when 285557 is divided by 4894?
1705
Calculate the remainder when 982980 is divided by 506.
328
Calculate the remainder when 842785 is divided by 724.
49
What is the remainder when 1445970 is divided by 73?
59
Calculate the remainder when 1779309 is divided by 249.
204
Calculate the remainder when 15774 is divided by 7878.
18
What is the remainder when 166244628 is divided by 313?
312
What is the remainder when 11338317 is divided by 336?
333
What is the remainder when 7703371 is divided by 695?
686
Calculate the remainder when 10564457 is divided by 367.
362
Calculate the remainder when 237986 is divided by 47546.
256
What is the remainder when 228988 is divided by 253?
23
Calculate the remainder when 78441 is divided by 39152.
137
Calculate the remainder when 140929 is divided by 806.
685
What is the remainder when 104407081 is divided by 629?
0
Calculate the remainder when 16991 is divided by 16118.
873
What is the remainder when 713944 is divided by 144?
136
What is the remainder when 104327600 is divided by 117?
104
Calculate the remainder when 27172 is divided by 3846.
250
What is the remainder when 29455 is divided by 4307?
3613
Calculate the remainder when 12701545 is divided by 303.
88
What is the remainder when 13916 is divided by 2283?
218
Calculate the remainder when 28926 is divided by 3318.
2382
Calculate the remainder when 124436918 is divided by 124436918.
0
What is the remainder when 47518037 is divided by 392711?
6
Calculate the remainder when 7071829 is divided by 48.
37
What is the remainder when 249799 is divided by 27752?
31
What is the remainder when 302496 is divided by 13733?
370
What is the remainder when 20784393 is divided by 57574?
179
What is the remainder when 42534996 is divided by 178?
116
What is the remainder when 8853780 is divided by 387?
381
Calculate the remainder when 2144788 is divided by 714887.
127
What is the remainder when 75429 is divided by 4241?
3332
Calculate the remainder when 3354396 is divided by 559058.
48
Calculate the remainder when 7704266 is divided by 695.
191
What is the remainder when 1807457 is divided by 48?
17
Calculate the remainder when 41899146 is divided by 3939.
3
What is the remainder when 16939927 is divided by 33478?
59
Calculate the remainder when 5683 is divided by 1651.
730
What is the remainder when 964638 is divided by 555?
48
What is the remainder when 7708938 is divided by 137657?
146
Calculate the remainder when 1393595 is divided by 199062.
161
Calculate the remainder when 1483427 is divided by 87.
77
What is the remainder when 6591389 is divided by 14329?
49
Calculate the remainder when 103369 is divided by 34418.
115
What is the remainder when 424412817 is divided by 4794?
4791
What is the remainder when 347603 is divided by 2896?
83
Calculate the remainder when 4769764 is divided by 596219.
12
What is the remainder when 22412 is divided by 7082?
1166
Calculate the remainder when 848235 is divided by 16.
11
Calculate the remainder when 12127567 is divided by 2203.
52
What is the remainder when 5516338 is divided by 1550?
1438
What is the remainder when 13186379 is divided by 125?
4
What is the remainder when 5814244 is divided by 1162846?
14
Calculate the remainder when 507269 is divided by 2096.
37
What is the remainder when 10073233 is divided by 598?
521
What is the remainder when 4074178 is divided by 1259?
54
What is the remainder when 2058857 is divided by 2353?
2335
What is the remainder when 593960 is divided by 906?
530
What is the remainder when 4106977 is divided by 10319?
15
What is the remainder when 18633420 is divided by 451?
355
What is the remainder when 3001464 is divided by 130498?
10
Calculate the remainder when 404078 is divided by 67294.
314
What is the remainder when 23031840 is divided by 3867?
3855
Calculate the remainder when 21064719 is divided by 7021570.
9
Calculate the remainder when 2602083 is divided by 2166.
717
Calculate the remainder when 5429288 is divided by 1853.
1851
Calculate the remainder when 1998821 is divided by 666261.
38
What is the remainder when 24877901 is divided by 176439?
2
Calculate the remainder when 1057852 is divided by 6651.
343
What is the remainder when 209792 is divided by 52304?
576
What is the remainder when 2942631 is divided by 2137?
2119
What is the remainder when 16715 is divided by 8346?
23
What is the remainder when 1262917 is divided by 15401?
35
Calculate the remainder when 19594323 is divided by 878.
875
What is the remainder when 1336629 is divided by 6146?
2947
What is the remainder when 31184 is divided by 364?
244
Calculate the remainder when 2762672 is divided by 37843.
133
What is the remainder when 104903 is divided by 51679?
1545
What is the remainder when 3152313 is divided by 49?
45
What is the remainder when 123699 is divided by 287?
2
What is the remainder when 161967 is divided by 4624?
127
What is the remainder when 116777733 is divided by 9305?
9288
What is the remainder when 2414490 is divided by 111?
18
Calculate the remainder when 139491 is divided by 1758.
609
What is the remainder when 389176 is divided by 467